4.
12
What is the remainder when 1016609 is divided by 309?
308
What is the remainder when 1129386 is divided by 141172?
10
What is the remainder when 11070 is divided by 213?
207
Calculate the remainder when 384804 is divided by 121.
24
What is the remainder when 6766 is divided by 2134?
364
What is the remainder when 3107 is divided by 69?
2
What is the remainder when 129695 is divided by 33?
5
Calculate the remainder when 104429 is divided by 7459.
3
Calculate the remainder when 885 is divided by 82.
65
What is the remainder when 2539 is divided by 109?
32
Calculate the remainder when 107458 is divided by 36.
34
Calculate the remainder when 5917 is divided by 54.
31
What is the remainder when 15804 is divided by 1579?
14
Calculate the remainder when 4452 is divided by 1341.
429
What is the remainder when 110892 is divided by 198?
12
Calculate the remainder when 12586 is divided by 37.
6
Calculate the remainder when 49486 is divided by 24740.
6
What is the remainder when 104799 is divided by 20955?
24
Calculate the remainder when 2556 is divided by 320.
316
Calculate the remainder when 3401 is divided by 3383.
18
Calculate the remainder when 3148 is divided by 1568.
12
What is the remainder when 11209 is divided by 242?
77
Calculate the remainder when 5769 is divided by 466.
177
Calculate the remainder when 46227 is divided by 48.
3
Calculate the remainder when 14770 is divided by 1241.
1119
Calculate the remainder when 367035 is divided by 42.
39
What is the remainder when 48528 is divided by 9664?
208
Calculate the remainder when 6455 is divided by 342.
299
Calculate the remainder when 13571 is divided by 1929.
68
What is the remainder when 370 is divided by 70?
20
Calculate the remainder when 1818 is divided by 49.
5
Calculate the remainder when 530969 is divided by 530967.
2
What is the remainder when 1824 is divided by 33?
9
Calculate the remainder when 3983703 is divided by 13.
9
What is the remainder when 6385 is divided by 2177?
2031
What is the remainder when 10257 is divided by 4590?
1077
What is the remainder when 15545 is divided by 3873?
53
Calculate the remainder when 64856 is divided by 705.
701
What is the remainder when 33227 is divided by 13?
12
What is the remainder when 3577 is divided by 81?
13
What is the remainder when 35565 is divided by 293?
112
What is the remainder when 8634 is divided by 522?
282
Calculate the remainder when 26744 is divided by 43.
41
What is the remainder when 96898 is divided by 18?
4
Calculate the remainder when 10070 is divided by 72.
62
Calculate the remainder when 67160 is divided by 2798.
8
What is the remainder when 1595 is divided by 507?
74
Calculate the remainder when 3034 is divided by 271.
53
What is the remainder when 277921 is divided by 645?
571
Calculate the remainder when 60284 is divided by 372.
20
What is the remainder when 105613 is divided by 656?
653
What is the remainder when 217489 is divided by 2753?
2
What is the remainder when 37471 is divided by 33?
16
Calculate the remainder when 4026 is divided by 712.
466
Calculate the remainder when 1869256 is divided by 114.
112
What is the remainder when 748829 is divided by 545?
544
Calculate the remainder when 984693 is divided by 123085.
13
What is the remainder when 2755 is divided by 582?
427
What is the remainder when 26872 is divided by 81?
61
What is the remainder when 31881 is divided by 60?
21
Calculate the remainder when 997 is divided by 497.
3
Calculate the remainder when 1936265 is divided by 51.
50
What is the remainder when 33431 is divided by 199?
198
Calculate the remainder when 571 is divided by 46.
19
Calculate the remainder when 27224 is divided by 23.
15
What is the remainder when 24815 is divided by 585?
245
What is the remainder when 9276 is divided by 941?
807
Calculate the remainder when 692 is divided by 134.
22
What is the remainder when 5352 is divided by 2493?
366
What is the remainder when 6114 is divided by 1466?
250
What is the remainder when 1871 is divided by 324?
251
What is the remainder when 11621 is divided by 463?
46
Calculate the remainder when 32458 is divided by 1899.
175
What is the remainder when 5174 is divided by 432?
422
What is the remainder when 17350 is divided by 17328?
22
What is the remainder when 9009 is divided by 74?
55
Calculate the remainder when 962478 is divided by 13556.
2
What is the remainder when 1972 is divided by 47?
45
What is the remainder when 759 is divided by 48?
39
Calculate the remainder when 221128 is divided by 21.
19
What is the remainder when 21873 is divided by 21704?
169
Calculate the remainder when 223074 is divided by 24786.
0
Calculate the remainder when 7864 is divided by 2539.
247
What is the remainder when 2961 is divided by 134?
13
What is the remainder when 1646 is divided by 812?
22
Calculate the remainder when 114140 is divided by 165.
125
What is the remainder when 257635 is divided by 25763?
5
What is the remainder when 815094 is divided by 50943?
6
What is the remainder when 2442 is divided by 115?
27
What is the remainder when 524084 is divided by 29?
25
Calculate the remainder when 15005 is divided by 7395.
215
Calculate the remainder when 430906 is divided by 143634.
4
What is the remainder when 48742 is divided by 1433?
20
Calculate the remainder when 1286 is divided by 640.
6
Calculate the remainder when 11140 is divided by 11128.
12
Calculate the remainder when 5447 is divided by 285.
32
Calculate the remainder when 45612 is divided by 89.
44
What is the remainder when 53444 is divided by 124?
0
Calculate the remainder when 3579 is divided by 972.
663
What is the remainder when 1451086 is divided by 44?
10
What is the remainder when 8335 is divided by 1663?
20
What is the remainder when 2214 is divided by 16?
6
Calculate the remainder when 235455 is divided by 416.
415
What is the remainder when 114052 is divided by 554?
482
Calculate the remainder when 82194 is divided by 869.
508
What is the remainder when 2338 is divided by 27?
16
What is the remainder when 298845 is divided by 41?
37
What is the remainder when 706803 is divided by 41?
4
What is the remainder when 11647 is divided by 5781?
85
Calculate the remainder when 39775 is divided by 2249.
1542
What is the remainder when 917 is divided by 281?
74
What is the remainder when 75665 is divided by 75662?
3
What is the remainder when 1173 is divided by 270?
93
Calculate the remainder when 17526 is divided by 3502.
16
What is the remainder when 3786237 is divided by 408?
405
What is the remainder when 1872 is divided by 632?
608
What is the remainder when 172934 is divided by 37?
33
Calculate the remainder when 2966039 is divided by 126.
125
What is the remainder when 2271 is divided by 2173?
98
Calculate the remainder when 4906 is divided by 23.
7
Calculate the remainder when 3691570 is divided by 31.
28
What is the remainder when 4052 is divided by 238?
6
What is the remainder when 8172 is divided by 4077?
18
Calculate the remainder when 9527 is divided by 155.
72
Calculate the remainder when 2397802 is divided by 622.
614
What is the remainder when 683119 is divided by 113851?
13
What is the remainder when 1293 is divided by 571?
151
Calculate the remainder when 93638 is divided by 1836.
2
What is the remainder when 22944 is divided by 51?
45
What is the remainder when 51122 is divided by 1418?
74
Calculate the remainder when 20966 is divided by 1667.
962
Calculate the remainder when 50152 is divided by 12523.
60
What is the remainder when 114225 is divided by 106?
63
Calculate the remainder when 152 is divided by 136.
16
What is the remainder when 9459 is divided by 66?
21
Calculate the remainder when 3729999 is divided by 23.
20
Calculate the remainder when 102047 is divided by 34011.
14
What is the remainder when 338676 is divided by 169336?
4
Calculate the remainder when 269753 is divided by 851.
837
Calculate the remainder when 27804 is divided by 299.
296
Calculate the remainder when 25537 is divided by 113.
112
What is the remainder when 5821 is divided by 158?
133
Calculate the remainder when 22570 is divided by 300.
70
Calculate the remainder when 1327 is divided by 118.
29
What is the remainder when 464081 is divided by 42188?
13
Calculate the remainder when 197